{"id":1976,"date":"2023-01-30T14:59:30","date_gmt":"2023-01-30T14:59:30","guid":{"rendered":"https:\/\/centrocar.com\/?page_id=1976"},"modified":"2023-01-30T14:59:30","modified_gmt":"2023-01-30T14:59:30","slug":"politica-de-privacidad","status":"publish","type":"page","link":"https:\/\/centrocar.com\/mozambique\/es\/politica-de-privacidad\/","title":{"rendered":"POLITICA DE PRIVACIDAD"},"content":{"rendered":"\n<p>&nbsp;<\/p>\n<p style=\"text-align: justify\">De conformidad con el nuevo Reglamento General de Protecci\u00f3n de Datos (RGPD) que entr\u00f3 en vigor el 25 de mayo de 2018, nuestros clientes\/suscriptores pueden cambiar, eliminar o modificar los datos que comparten con nosotros en cualquier momento. La nueva legislaci\u00f3n europea y nacional sobre protecci\u00f3n de datos personales exige que nos informe si desea seguir recibiendo nuestras comunicaciones.<\/p>\n<p style=\"text-align: justify\"><strong>CENTROCAR<\/strong> siempre ha respetado la privacidad individual y valora su confianza, por lo que nos comprometemos a proteger sus datos personales.<\/p>\n<h4 class=\"wp-block-heading\">INFORMACI\u00d3N JUR\u00cdDICA SOBRE PROTECCI\u00d3N DE DATOS<\/h4>\n<p style=\"text-align: justify\">En <strong>CENTROCAR &#8211; Centro de Equipamentos Mec\u00e2nicos S.A.<\/strong> entendemos que el uso de sus datos personales requiere su confianza. Estamos sujetos a los m\u00e1s altos est\u00e1ndares de privacidad y s\u00f3lo utilizaremos sus datos personales para fines claramente identificados y de acuerdo con sus derechos de protecci\u00f3n de datos.<\/p>\n<p style=\"text-align: justify\">La confidencialidad e integridad de sus datos personales es una de nuestras principales preocupaciones.<\/p>\n<p style=\"text-align: justify\">Esta Pol\u00edtica de Privacidad establece c\u00f3mo <strong>Centrocar Portugal<\/strong>, <strong>Centrocar Espa\u00f1a<\/strong>, <strong>Centrocar Angola<\/strong> y <strong>Centrocar Mozambique<\/strong> utilizan los datos personales de sus clientes y potenciales clientes en el \u00e1mbito de esta P\u00e1gina de Inicio y consta de los siguientes planteamientos:<\/p>\n<h4>\u00bfQU\u00c9 EMPRESAS COMPONEN CENTROCAR?<\/h4>\n<p style=\"text-align: justify\"><strong>CENTROCAR<\/strong> opera a trav\u00e9s de las siguientes entidades en Iberia y \u00c1frica:<\/p>\n<p style=\"text-align: justify;padding-left: 40px\"><strong>CENTROCAR PORTUGAL<\/strong><br \/>Rua Vilar do Senhor, 461 &#8211; 1\u00ba Andar<br \/>4455-213 Lavra<br \/>Matosinhos<\/p>\n<p style=\"text-align: justify;padding-left: 40px\"><strong>CENTROCAR ESPA\u00d1A<\/strong><br \/>Area Empresarial Andalucia Sector 1<br \/>C \/ Marismas, 7<br \/>28320 Pinto (Madrid)<\/p>\n<p style=\"text-align: justify;padding-left: 40px\"><strong>CENTROCAR ANGOLA<\/strong><br \/>Bom Jesus<br \/>Estrada Viana &#8211; Catete, km 40<br \/>Bengo<\/p>\n<p style=\"text-align: justify;padding-left: 40px\"><strong>CENTROCAR MO\u00c7AMBIQUE<\/strong><br \/>Av. Samora Machel, N\u00ba 1561<br \/>1114 Matola<br \/>Maputo<\/p>\n<p style=\"text-align: justify\"><strong>CENTROCAR<\/strong>, con sede en Portugal, inscrita en el Registro Mercantil de V. F. Xira con el n\u00famero \u00fanico de registro y persona jur\u00eddica 500061270, coordina la actividad de sus centros de venta y talleres, es responsable de la atenci\u00f3n al cliente de segundo nivel y de las cuestiones t\u00e9cnicas, gestiona el sitio web centrocar.com, el servicio CENPARTS y Centrorent, y promociona las marcas representadas en la cartera.<\/p>\n<p style=\"text-align: justify\">Sin perjuicio de que desarrollen su actividad utilizando las marcas representadas, en virtud de contratos de representaci\u00f3n para la comercializaci\u00f3n de equipos y prestaci\u00f3n de servicios asociados, los concesionarios y talleres son entidades aut\u00f3nomas y no est\u00e1n legalmente integrados en las marcas representadas. Todas las referencias a las marcas representadas en esta Pol\u00edtica de Privacidad incluyen \u00fanicamente a <strong>CENTROCAR<\/strong> y no a los concesionarios\/talleres ajenos al grupo.<\/p>\n<h4>RESPONSABILIDAD DEL TRATAMIENTO DE DATOS PERSONALES<\/h4>\n<p style=\"text-align: justify\"><strong>CENTROCAR<\/strong> es responsable del tratamiento de los datos personales de sus clientes y\/o potenciales clientes que cumplimenten sus datos y remitan el Formulario de Consentimiento para las Comunicaciones de Marketing de <strong>CENTROCAR<\/strong> a trav\u00e9s de la siguiente p\u00e1gina: enlace.<\/p>\n<p style=\"text-align: justify\">Las sucursales y\/o talleres (la sucursal\/taller elegida por usted, la sucursal de su \u00faltima compra, la sucursal\/taller de su \u00faltimo servicio\/reparaci\u00f3n o la sucursal\/taller geogr\u00e1ficamente m\u00e1s cercana a su domicilio) ser\u00e1n responsables del tratamiento de los datos personales de los clientes y\/o potenciales clientes de <strong>Centrocar<\/strong> que hayan dado su consentimiento para recibir comunicaciones comerciales cumplimentando el Formulario de Consentimiento para Comunicaciones Comerciales de <strong>Centrocar<\/strong>.<\/p>\n<p style=\"text-align: justify\">Aunque esta Pol\u00edtica describe el uso de sus datos personales por parte de las filiales\/talleres, \u00e9stos pueden recopilar sus datos de forma independiente. En cualquier momento puede ponerse en contacto con nosotros directamente o con la filial\/taller en relaci\u00f3n con cualquier cambio o pregunta sobre el uso de sus datos personales.<\/p>\n<h4>RECOGIDA DE DATOS PERSONALES<\/h4>\n<p style=\"text-align: justify\">Sus datos personales se recoger\u00e1n y tratar\u00e1n en las siguientes situaciones:<\/p>\n<ul>\n<li>Si rellena sus datos personales y env\u00eda el formulario de consentimiento de esta p\u00e1gina de inicio; y\/o<\/li>\n<li>Si adquiere y\/o utiliza equipos, productos o servicios CENTROCAR<\/li>\n<li>En el segundo caso, la relaci\u00f3n comercial puede constituir la \ufb01gura del soft opt-in, un tema que ya se refleja en ePrivacy, legislaci\u00f3n espec\u00edfica de la Uni\u00f3n Europea que se solapa con el GDPR.<\/li>\n<\/ul>\n<blockquote>\n<p style=\"text-align: justify\">There is an exception called the \u2018soft opt-in\u2019. This means that consent is not required if you are sending marketing message about similar products and services to your customers\/clients or thoseyou have negotiated with to provide products or services, as long as: You give them the opportunity to opt-out when you receive their contact information; and You give them the opportunity to opt-out when you send them subsequent messages. This processing is not based on consent, but rather the legitimate interests processing conditionand can only be relied upon by the organisation that collected the contact details, not third parties.<br \/>Fuente: ePrivacy \u2013 Uni\u00e3o Europeia<\/p>\n<\/blockquote>\n<h4>FINES Y MOTIVOS DEL USO DE DATOS PERSONALES<\/h4>\n<p style=\"text-align: justify\">Sus datos personales ser\u00e1n recogidos y utilizados con fines de Atenci\u00f3n al Cliente y Marketing (comunicaci\u00f3n de informaci\u00f3n y productos y servicios), en los estrictos t\u00e9rminos seleccionados por usted en el Formulario de Consentimiento.<\/p>\n<p style=\"text-align: justify\">Seg\u00fan la legislaci\u00f3n sobre protecci\u00f3n de datos vigente en la Uni\u00f3n Europea (el Reglamento General de Protecci\u00f3n de Datos), el uso de datos personales debe estar justificado por al menos un motivo legal para el tratamiento de datos personales. Puede consultar la explicaci\u00f3n del alcance de cada uno de estos motivos.*.<\/p>\n<p style=\"text-align: justify\">La base jur\u00eddica aplicable a la recogida y uso de sus datos personales con fines de atenci\u00f3n al cliente y marketing es su consentimiento.<\/p>\n<p style=\"text-align: justify\">*Bases jur\u00eddicas para el tratamiento de datos personales<\/p>\n<ul>\n<li>Cuando haya dado su consentimiento para el tratamiento de sus datos personales (para estos fines se le presentar\u00e1 un formulario de consentimiento para el uso de sus datos, que podr\u00e1 retirar posteriormente);<\/li>\n<li>Cuando el tratamiento sea necesario para celebrar un contrato con usted o para ejecutarlo;<\/li>\n<li>Cuando el tratamiento sea necesario para el cumplimiento de obligaciones legales a las que est\u00e9 sujeta <strong>CENTROCAR<\/strong>;<\/li>\n<li>Cuando el tratamiento sea necesario para satisfacer un inter\u00e9s leg\u00edtimo y nuestras razones para utilizarlo prevalezcan sobre sus derechos de protecci\u00f3n de datos;<\/li>\n<li>Cuando el tratamiento sea necesario para que podamos declarar, ejercer o defender un derecho en un procedimiento judicial contra usted, nosotros o un tercero.<\/li>\n<\/ul>\n<h4><br \/>QU\u00c9 DATOS PERSONALES PUEDEN RECOGERSE<\/h4>\n<p style=\"text-align: justify\">Las siguientes categor\u00edas de datos personales pueden recogerse a trav\u00e9s de los canales y servicios descritos en la presente Pol\u00edtica de Privacidad:<\/p>\n<ul>\n<li>Informaci\u00f3n de contacto: nombre, direcci\u00f3n, correo electr\u00f3nico<\/li>\n<li>Datos personales: Fecha de nacimiento; estado civil; hogar; permiso de conducir (tipo); profesi\u00f3n; solicitudes (por ejemplo, informaci\u00f3n, presupuesto); centros comerciales\/talleres (elegidos por usted, de su \u00faltima compra, de su \u00faltimo servicio\/reparaci\u00f3n o geogr\u00e1ficamente m\u00e1s cercanos a su domicilio); aficiones; forma de pago preferida; canal de contacto preferido; nombre de la empresa.<\/li>\n<li>Datos de identificaci\u00f3n: n\u00famero de cliente, n\u00famero de contrato<\/li>\n<li>Historial del cliente: \u00cdndice de satisfacci\u00f3n del cliente; ofertas recibidas; equipo(s) adquirido(s), incluida informaci\u00f3n sobre modelo, configuraci\u00f3n, fecha de compra, fecha de registro, n\u00famero de serie, fecha de pedido, fecha de entrega, propietario, precio; informaci\u00f3n sobre la garant\u00eda; valor residual; informaci\u00f3n financiera; detalles de compra de piezas, accesorios y productos; datos recogidos durante las visitas a las sucursales (por ejemplo, pedidos, informaci\u00f3n sobre solicitudes, responsable del asesor de ventas, historial de servicio); historial de campa\u00f1as\/respuestas; datos opcionales de clientes sobre equipos adquiridos a otros fabricantes; participaci\u00f3n en eventos (locales, de la empresa); historial de reclamaciones<\/li>\n<li>Datos de utilizaci\u00f3n del equipo: Historial de mantenimiento; nivel del dep\u00f3sito de combustible; autonom\u00eda; datos de Core TMS; temperatura exterior; ubicaci\u00f3n (incluidas recogidas y entregas) o ubicaci\u00f3n del parque de equipos.<\/li>\n<li>Datos de uso del equipo: n\u00famero de horas, n\u00famero de kil\u00f3metros, a\u00f1o de fabricaci\u00f3n<\/li>\n<li>Datos del Portal del Cliente CenParts: Si se ha registrado en CenParts, podr\u00e1n utilizarse los siguientes datos: detalles de c\u00f3mo ha utilizado el Portal, la fecha y hora y la naturaleza de sus solicitudes, su direcci\u00f3n IP, datos sobre el dispositivo que utiliza para interactuar con el Portal del Cliente.<\/li>\n<\/ul>\n<h4>SEGURIDAD DE LOS DATOS PERSONALES RECOGIDOS<\/h4>\n<p style=\"text-align: justify\">Utilizamos diversas medidas de seguridad, incluidas herramientas de autenticaci\u00f3n, para ayudar a proteger y mantener la seguridad, integridad y disponibilidad de sus datos personales.<\/p>\n<p style=\"text-align: justify\">Aunque la transmisi\u00f3n de datos a trav\u00e9s de Internet o de un sitio web no puede garantizar una seguridad total contra intrusiones, tanto nosotros como nuestros proveedores de servicios y socios comerciales nos esforzamos por aplicar y mantener medidas de seguridad f\u00edsicas, electr\u00f3nicas y de procedimiento dise\u00f1adas para proteger sus datos personales de conformidad con los requisitos aplicables en materia de protecci\u00f3n de datos. Entre otras, hemos implantado las siguientes:<\/p>\n<ul>\n<li>Acceso personal restringido a sus datos personales en funci\u00f3n de la &#8220;necesidad de saber&#8221; y s\u00f3lo en el \u00e1mbito de los fines comunicados;<\/li>\n<li>Transferencia de los datos recogidos s\u00f3lo de forma segura y confidencial;<\/li>\n<li>protecci\u00f3n de los sistemas inform\u00e1ticos mediante cortafuegos para impedir el acceso no autorizado a sus datos personales; y<\/li>\n<li>Control permanente del acceso a los sistemas inform\u00e1ticos con el fin de prevenir, detectar y detener el uso indebido de sus datos personales.<\/li>\n<\/ul>\n<h4>CU\u00c1NTO TIEMPO SE CONSERVAN LOS DATOS PERSONALES<\/h4>\n<p style=\"text-align: justify\">Conservamos sus datos indefinidamente y s\u00f3lo durante el tiempo necesario para los fines para los que fueron recogidos.<\/p>\n<p style=\"text-align: justify\">Una vez alcanzado el periodo m\u00e1ximo de conservaci\u00f3n, sus datos personales se anonimizar\u00e1n de forma irreversible (los datos anonimizados podr\u00e1n conservarse) o se destruir\u00e1n de forma segura.<\/p>\n<p style=\"text-align: justify\">Para los fines descritos en esta Pol\u00edtica de Privacidad (atenci\u00f3n al cliente y marketing) sus datos personales ser\u00e1n conservados hasta que solicite la retirada\/cancelaci\u00f3n de su consentimiento.<\/p>\n<h4>TRANSMISI\u00d3N\/COMPARTICI\u00d3N DE DATOS Y SEGURIDAD<\/h4>\n<p style=\"text-align: justify\"><strong>CENTROCAR<\/strong> es un grupo internacional. Como tal, nuestros proveedores o prestadores de servicios ubicados en pa\u00edses fuera del EEE (Espacio Econ\u00f3mico Europeo) pueden acceder a sus datos personales, para los fines descritos en la presente Pol\u00edtica de Privacidad, donde la legislaci\u00f3n sobre protecci\u00f3n de datos puede ser menos estricta que la vigente en el EEE.<\/p>\n<p style=\"text-align: justify\">Garantizamos que sus datos personales exportados fuera del EEE se tratar\u00e1n de acuerdo con las medidas de seguridad adecuadas.<\/p>\n<p style=\"text-align: justify\">Sus datos personales se almacenan en los servidores protegidos de nuestros proveedores\/prestadores de servicios y se accede a ellos y se utilizan exclusivamente conforme a nuestras pol\u00edticas y normas (o pol\u00edticas y normas equivalentes de nuestros proveedores\/prestadores de servicios).<\/p>\n<p style=\"text-align: justify;padding-left: 40px\"><strong>*Datos de contacto de Centrocar y del responsable de la protecci\u00f3n de datos:<\/strong><\/p>\n<p style=\"text-align: justify;padding-left: 40px\"><strong>Responsable de protecci\u00f3n de datos<\/strong><br \/><strong>rgpd@centrocar.com<\/strong><br \/><strong>Asunto: RGPD<\/strong><br \/><strong>L\u00ednea telef\u00f3nica: 220 029 150 disponible de 9.00 a 18.00 horas de lunes a viernes<\/strong><\/p>\n<h4>CONTRATACI\u00d3N<\/h4>\n<p style=\"text-align: justify\">Mediante la cumplimentaci\u00f3n del formulario de inscripci\u00f3n en procesos de selecci\u00f3n, usted formaliza su solicitud, consintiendo y autorizando que los datos recabados por <strong>CENTROCAR<\/strong> sean tratados a los efectos de los procesos de selecci\u00f3n que puedan iniciarse durante los pr\u00f3ximos 12 (doce) meses. Transcurrido dicho plazo, esta solicitud dejar\u00e1 de figurar en el listado de solicitudes activas, por lo que deber\u00e1 volver a solicitar su inscripci\u00f3n en nuevos procesos de selecci\u00f3n.<\/p>\n<p style=\"text-align: justify\">No se aceptan solicitudes de menores.<\/p>\n<p style=\"text-align: justify\">Los datos recogidos podr\u00e1n ser compartidos con otras empresas del Grupo <strong>CENTROCAR<\/strong>, cuya relaci\u00f3n completa puede consultarse en la presente Pol\u00edtica de Privacidad. En el \u00e1mbito de su inter\u00e9s leg\u00edtimo, <strong>CENTROCAR<\/strong> tambi\u00e9n tratar\u00e1 los datos recogidos a los efectos de:<\/p>\n<ul>\n<li>i) prevenci\u00f3n y detecci\u00f3n del fraude,<\/li>\n<li>ii) seguridad de las redes y de la informaci\u00f3n,<\/li>\n<li>iii) desarrollo y mantenimiento de sitios web,<\/li>\n<li>iv) prestaci\u00f3n de asistencia t\u00e9cnica.<\/li>\n<\/ul>\n<p style=\"text-align: justify\">Los datos se tratar\u00e1n sobre la base del consentimiento y tambi\u00e9n podr\u00e1n utilizarse para cumplir obligaciones legales o en las situaciones indicadas anteriormente que correspondan a un inter\u00e9s leg\u00edtimo de<strong> CENTROCAR<\/strong>. En este \u00faltimo caso, el tratamiento se realizar\u00e1 de conformidad con la legislaci\u00f3n aplicable y respetando los derechos de los usuarios.<\/p>\n<p style=\"text-align: justify\">En los t\u00e9rminos de la legislaci\u00f3n vigente, se le garantiza el acceso, rectificaci\u00f3n, modificaci\u00f3n, oposici\u00f3n al tratamiento, portabilidad, supresi\u00f3n y limitaci\u00f3n del tratamiento de sus datos personales, a trav\u00e9s de la l\u00ednea de atenci\u00f3n al cliente de <strong>CENTROCAR<\/strong>, por correo electr\u00f3nico rgpd@centrocar.com o por tel\u00e9fono 220 029 150.<\/p>\n<h4>MODIFICAR \/ RETIRAR SU CONSENTIMIENTO<\/h4>\n<p style=\"text-align: justify\">Puede modificar o retirar su consentimiento en cualquier momento, con efectos para el futuro.<\/p>\n<p style=\"text-align: justify\">Una vez que haya retirado completamente sus declaraciones de consentimiento, dejar\u00e1 de ser contactado o de recibir comunicaciones para los fines descritos en esta Pol\u00edtica de Privacidad.<\/p>\n<p style=\"text-align: justify\">Para retirar sus declaraciones de consentimiento remitidas a <strong>CENTROCAR<\/strong>, s\u00f3lo tiene que acceder de nuevo al Formulario de Consentimiento, cumplimentar sus datos personales y volver a remitir el Formulario de Consentimiento, marcando las casillas seg\u00fan sus preferencias. El \u00faltimo Formulario de Consentimiento remitido a <strong>CENTROCAR<\/strong> prevalecer\u00e1 sobre todos los anteriores.<\/p>\n<p style=\"text-align: justify\">El consentimiento otorgado a <strong>CENTROCAR<\/strong> podr\u00e1 ser retirado a trav\u00e9s del enlace &#8220;Darse de baja&#8221; o &#8220;Eliminar suscripci\u00f3n&#8221; de las comunicaciones remitidas o contactando directamente con nosotros a trav\u00e9s del correo electr\u00f3nico rgpd@centrocar.com (asunto: GDPR) o del tel\u00e9fono 220 029 150.<\/p>\n<p style=\"text-align: justify\"><strong>PONERSE EN CONTACTO CON NOSOTROS PARA HACER VALER SUS DERECHOS EN MATERIA DE PROTECCI\u00d3N DE DATOS Y EL DERECHO A PRESENTAR UNA RECLAMACI\u00d3N ANTE LA AUTORIDAD DE CONTROL<\/strong><\/p>\n<p style=\"text-align: justify\">Si tiene alguna pregunta sobre el uso que hacemos de sus datos personales, p\u00f3ngase en contacto en primer lugar con nuestro servicio de atenci\u00f3n al cliente. Adem\u00e1s, puede ponerse en contacto con el responsable de protecci\u00f3n de datos.<\/p>\n<p style=\"text-align: justify\">Sujeto a determinadas condiciones, puede tener derecho a pedirnos que:<\/p>\n<ul>\n<li>le proporcionamos informaci\u00f3n adicional sobre el uso que hacemos de sus datos personales;<\/li>\n<li>le facilitamos una copia de los datos personales que nos ha proporcionado;<\/li>\n<li>facilitar los datos personales que nos ha facilitado a otro responsable del tratamiento a petici\u00f3n suya;<\/li>\n<li>actualizar cualquier inexactitud en los datos personales que tenemos;<\/li>\n<li>que suprimamos los datos personales cuyo uso ya no sea leg\u00edtimo;<\/li>\n<li>limitar el uso que hacemos de sus datos personales hasta que se haya investigado la reclamaci\u00f3n.<\/li>\n<\/ul>\n<p style=\"text-align: justify\">El ejercicio de estos derechos est\u00e1 sujeto a determinadas excepciones destinadas a salvaguardar el inter\u00e9s p\u00fablico (prevenci\u00f3n o detecci\u00f3n de infracciones penales) o nuestro inter\u00e9s (mantenimiento del secreto profesional).<\/p>\n<p style=\"text-align: justify\">Si ejerce alguno de estos derechos, lo analizaremos y le responderemos, a ser posible en el plazo de un (1) mes.<\/p>\n<p style=\"text-align: justify\">Si no est\u00e1 satisfecho con el uso que hacemos de sus datos personales o con nuestra respuesta tras ejercer cualquiera de estos derechos, tiene derecho a presentar una reclamaci\u00f3n ante su autoridad de control (Comiss\u00e3o Nacional de Prote\u00e7\u00e3o de Dados &#8211; CNPD | Rua de S\u00e3o Bento, n.\u00ba 148, 3\u00ba, 1200-821 Lisboa | Tel: 351 213928400 | Fax: +351 213976832 | e-mail: geral@cnpd.pt).<\/p>\n<p style=\"text-align: justify\">Actualizado el<br \/>24 de agosto de 2023<\/p>\n","protected":false},"excerpt":{"rendered":"<p>&nbsp; De conformidad con el nuevo Reglamento General de Protecci\u00f3n  [&#8230;]<\/p>\n","protected":false},"author":1,"featured_media":0,"parent":0,"menu_order":0,"comment_status":"closed","ping_status":"closed","template":"","meta":{"_acf_changed":false,"footnotes":""},"class_list":["post-1976","page","type-page","status-publish","hentry"],"acf":[],"yoast_head":"<!-- This site is optimized with the Yoast SEO plugin v26.1.1 - https:\/\/yoast.com\/wordpress\/plugins\/seo\/ -->\n<title>POLITICA DE PRIVACIDAD - Centrocar (Mozambique)<\/title>\n<meta name=\"robots\" content=\"index, follow, max-snippet:-1, max-image-preview:large, max-video-preview:-1\" \/>\n<link rel=\"canonical\" href=\"https:\/\/centrocar.com\/mozambique\/es\/politica-de-privacidad\/\" \/>\n<meta property=\"og:locale\" content=\"pt_PT\" \/>\n<meta property=\"og:type\" content=\"article\" \/>\n<meta property=\"og:title\" content=\"POLITICA DE PRIVACIDAD - Centrocar (Mozambique)\" \/>\n<meta property=\"og:description\" content=\"&nbsp; De conformidad con el nuevo Reglamento General de Protecci\u00f3n [...]\" \/>\n<meta property=\"og:url\" content=\"https:\/\/centrocar.com\/mozambique\/es\/politica-de-privacidad\/\" \/>\n<meta property=\"og:site_name\" content=\"Centrocar (Mozambique)\" \/>\n<meta name=\"twitter:card\" content=\"summary_large_image\" \/>\n<meta name=\"twitter:label1\" content=\"Tempo estimado de leitura\" \/>\n\t<meta name=\"twitter:data1\" content=\"12 minutos\" \/>\n<script type=\"application\/ld+json\" class=\"yoast-schema-graph\">{\"@context\":\"https:\/\/schema.org\",\"@graph\":[{\"@type\":\"WebPage\",\"@id\":\"https:\/\/centrocar.com\/mozambique\/es\/politica-de-privacidad\/\",\"url\":\"https:\/\/centrocar.com\/mozambique\/es\/politica-de-privacidad\/\",\"name\":\"POLITICA DE PRIVACIDAD - Centrocar (Mozambique)\",\"isPartOf\":{\"@id\":\"https:\/\/centrocar.com\/mozambique\/#website\"},\"datePublished\":\"2023-01-30T14:59:30+00:00\",\"breadcrumb\":{\"@id\":\"https:\/\/centrocar.com\/mozambique\/es\/politica-de-privacidad\/#breadcrumb\"},\"inLanguage\":\"pt-PT\",\"potentialAction\":[{\"@type\":\"ReadAction\",\"target\":[\"https:\/\/centrocar.com\/mozambique\/es\/politica-de-privacidad\/\"]}]},{\"@type\":\"BreadcrumbList\",\"@id\":\"https:\/\/centrocar.com\/mozambique\/es\/politica-de-privacidad\/#breadcrumb\",\"itemListElement\":[{\"@type\":\"ListItem\",\"position\":1,\"name\":\"In\u00edcio\",\"item\":\"https:\/\/centrocar.com\/mozambique\/\"},{\"@type\":\"ListItem\",\"position\":2,\"name\":\"POLITICA DE PRIVACIDAD\"}]},{\"@type\":\"WebSite\",\"@id\":\"https:\/\/centrocar.com\/mozambique\/#website\",\"url\":\"https:\/\/centrocar.com\/mozambique\/\",\"name\":\"Centrocar (Mozambique)\",\"description\":\"\",\"potentialAction\":[{\"@type\":\"SearchAction\",\"target\":{\"@type\":\"EntryPoint\",\"urlTemplate\":\"https:\/\/centrocar.com\/mozambique\/?s={search_term_string}\"},\"query-input\":{\"@type\":\"PropertyValueSpecification\",\"valueRequired\":true,\"valueName\":\"search_term_string\"}}],\"inLanguage\":\"pt-PT\"}]}<\/script>\n<!-- \/ Yoast SEO plugin. -->","yoast_head_json":{"title":"POLITICA DE PRIVACIDAD - Centrocar (Mozambique)","robots":{"index":"index","follow":"follow","max-snippet":"max-snippet:-1","max-image-preview":"max-image-preview:large","max-video-preview":"max-video-preview:-1"},"canonical":"https:\/\/centrocar.com\/mozambique\/es\/politica-de-privacidad\/","og_locale":"pt_PT","og_type":"article","og_title":"POLITICA DE PRIVACIDAD - Centrocar (Mozambique)","og_description":"&nbsp; De conformidad con el nuevo Reglamento General de Protecci\u00f3n [...]","og_url":"https:\/\/centrocar.com\/mozambique\/es\/politica-de-privacidad\/","og_site_name":"Centrocar (Mozambique)","twitter_card":"summary_large_image","twitter_misc":{"Tempo estimado de leitura":"12 minutos"},"schema":{"@context":"https:\/\/schema.org","@graph":[{"@type":"WebPage","@id":"https:\/\/centrocar.com\/mozambique\/es\/politica-de-privacidad\/","url":"https:\/\/centrocar.com\/mozambique\/es\/politica-de-privacidad\/","name":"POLITICA DE PRIVACIDAD - Centrocar (Mozambique)","isPartOf":{"@id":"https:\/\/centrocar.com\/mozambique\/#website"},"datePublished":"2023-01-30T14:59:30+00:00","breadcrumb":{"@id":"https:\/\/centrocar.com\/mozambique\/es\/politica-de-privacidad\/#breadcrumb"},"inLanguage":"pt-PT","potentialAction":[{"@type":"ReadAction","target":["https:\/\/centrocar.com\/mozambique\/es\/politica-de-privacidad\/"]}]},{"@type":"BreadcrumbList","@id":"https:\/\/centrocar.com\/mozambique\/es\/politica-de-privacidad\/#breadcrumb","itemListElement":[{"@type":"ListItem","position":1,"name":"In\u00edcio","item":"https:\/\/centrocar.com\/mozambique\/"},{"@type":"ListItem","position":2,"name":"POLITICA DE PRIVACIDAD"}]},{"@type":"WebSite","@id":"https:\/\/centrocar.com\/mozambique\/#website","url":"https:\/\/centrocar.com\/mozambique\/","name":"Centrocar (Mozambique)","description":"","potentialAction":[{"@type":"SearchAction","target":{"@type":"EntryPoint","urlTemplate":"https:\/\/centrocar.com\/mozambique\/?s={search_term_string}"},"query-input":{"@type":"PropertyValueSpecification","valueRequired":true,"valueName":"search_term_string"}}],"inLanguage":"pt-PT"}]}},"_links":{"self":[{"href":"https:\/\/centrocar.com\/mozambique\/wp-json\/wp\/v2\/pages\/1976","targetHints":{"allow":["GET"]}}],"collection":[{"href":"https:\/\/centrocar.com\/mozambique\/wp-json\/wp\/v2\/pages"}],"about":[{"href":"https:\/\/centrocar.com\/mozambique\/wp-json\/wp\/v2\/types\/page"}],"author":[{"embeddable":true,"href":"https:\/\/centrocar.com\/mozambique\/wp-json\/wp\/v2\/users\/1"}],"replies":[{"embeddable":true,"href":"https:\/\/centrocar.com\/mozambique\/wp-json\/wp\/v2\/comments?post=1976"}],"version-history":[{"count":0,"href":"https:\/\/centrocar.com\/mozambique\/wp-json\/wp\/v2\/pages\/1976\/revisions"}],"wp:attachment":[{"href":"https:\/\/centrocar.com\/mozambique\/wp-json\/wp\/v2\/media?parent=1976"}],"curies":[{"name":"wp","href":"https:\/\/api.w.org\/{rel}","templated":true}]}}