{"id":8809,"date":"2023-06-01T10:36:00","date_gmt":"2023-06-01T10:36:00","guid":{"rendered":"https:\/\/centrocar.com\/portugal\/?post_type=avada_portfolio&#038;p=8809"},"modified":"2024-01-29T10:42:35","modified_gmt":"2024-01-29T10:42:35","slug":"pa12-27v","status":"publish","type":"avada_portfolio","link":"https:\/\/centrocar.com\/portugal\/produtos\/pa12-27v\/","title":{"rendered":"PA12.27V"},"content":{"rendered":"<p><strong>MOTOR:<\/strong><br \/>\nCummins<br \/>\n<strong>PODER DO MOTOR:<\/strong><br \/>\n209 (kW)<br \/>\n<strong>D\u00c9BITO DE AR LIVRE:<\/strong><br \/>\n27\/25 (m\u00b3\/min)<br \/>\n<strong>PRESS\u00c3O DA OPERA\u00c7\u00c3O:<\/strong><br \/>\n8,6\/12,1 (bar)<br \/>\n<strong>PESO(TRABALHO)FIXO\/AJUST\u00c1VEL:<\/strong><br \/>\n4770 (kg)<\/p>\n","protected":false},"excerpt":{"rendered":"<p><strong>MOTOR:<\/strong><br \/>\nCummins<br \/>\n<strong>PODER DO MOTOR:<\/strong><br \/>\n209 (kW)<br \/>\n<strong>D\u00c9BITO DE AR LIVRE:<\/strong><br \/>\n27\/25 (m\u00b3\/min)<br \/>\n<strong>PRESS\u00c3O DA OPERA\u00c7\u00c3O:<\/strong><br \/>\n8,6\/12,1 (bar)<\/p>\n","protected":false},"author":2,"featured_media":8812,"menu_order":0,"comment_status":"closed","ping_status":"closed","template":"","format":"standard","meta":{"_acf_changed":false,"footnotes":""},"portfolio_category":[66],"portfolio_skills":[35,794,53],"portfolio_tags":[18],"class_list":["post-8809","avada_portfolio","type-avada_portfolio","status-publish","format-standard","has-post-thumbnail","hentry","portfolio_category-pt-aplicacoes","portfolio_skills-pt-compressores","portfolio_skills-pt-compressores-de-ar-grandes","portfolio_skills-pt-equipamentos","portfolio_tags-pt-bobcat-portable-power"],"acf":[],"yoast_head":"<!-- This site is optimized with the Yoast SEO plugin v26.1.1 - https:\/\/yoast.com\/wordpress\/plugins\/seo\/ -->\n<title>PA12.27V - Centrocar (Portugal)<\/title>\n<meta name=\"robots\" content=\"index, follow, max-snippet:-1, max-image-preview:large, max-video-preview:-1\" \/>\n<link rel=\"canonical\" href=\"https:\/\/centrocar.com\/portugal\/produtos\/pa12-27v\/\" \/>\n<meta property=\"og:locale\" content=\"pt_PT\" \/>\n<meta property=\"og:type\" content=\"article\" \/>\n<meta property=\"og:title\" content=\"PA12.27V - Centrocar (Portugal)\" \/>\n<meta property=\"og:description\" content=\"MOTOR: Cummins PODER DO MOTOR: 209 (kW) D\u00c9BITO DE AR LIVRE: 27\/25 (m\u00b3\/min) PRESS\u00c3O DA OPERA\u00c7\u00c3O: 8,6\/12,1 (bar)\" \/>\n<meta property=\"og:url\" content=\"https:\/\/centrocar.com\/portugal\/produtos\/pa12-27v\/\" \/>\n<meta property=\"og:site_name\" content=\"Centrocar (Portugal)\" \/>\n<meta property=\"article:modified_time\" content=\"2024-01-29T10:42:35+00:00\" \/>\n<meta property=\"og:image\" content=\"https:\/\/centrocar.com\/portugal\/wp-content\/uploads\/sites\/2\/2024\/01\/PA1227V.jpg\" \/>\n\t<meta property=\"og:image:width\" content=\"809\" \/>\n\t<meta property=\"og:image:height\" content=\"550\" \/>\n\t<meta property=\"og:image:type\" content=\"image\/jpeg\" \/>\n<meta name=\"twitter:card\" content=\"summary_large_image\" \/>\n<script type=\"application\/ld+json\" class=\"yoast-schema-graph\">{\"@context\":\"https:\/\/schema.org\",\"@graph\":[{\"@type\":\"WebPage\",\"@id\":\"https:\/\/centrocar.com\/portugal\/produtos\/pa12-27v\/\",\"url\":\"https:\/\/centrocar.com\/portugal\/produtos\/pa12-27v\/\",\"name\":\"PA12.27V - Centrocar (Portugal)\",\"isPartOf\":{\"@id\":\"https:\/\/centrocar.com\/portugal\/#website\"},\"primaryImageOfPage\":{\"@id\":\"https:\/\/centrocar.com\/portugal\/produtos\/pa12-27v\/#primaryimage\"},\"image\":{\"@id\":\"https:\/\/centrocar.com\/portugal\/produtos\/pa12-27v\/#primaryimage\"},\"thumbnailUrl\":\"https:\/\/centrocar.com\/portugal\/wp-content\/uploads\/sites\/2\/2024\/01\/PA1227V.jpg\",\"datePublished\":\"2023-06-01T10:36:00+00:00\",\"dateModified\":\"2024-01-29T10:42:35+00:00\",\"breadcrumb\":{\"@id\":\"https:\/\/centrocar.com\/portugal\/produtos\/pa12-27v\/#breadcrumb\"},\"inLanguage\":\"pt-PT\",\"potentialAction\":[{\"@type\":\"ReadAction\",\"target\":[\"https:\/\/centrocar.com\/portugal\/produtos\/pa12-27v\/\"]}]},{\"@type\":\"ImageObject\",\"inLanguage\":\"pt-PT\",\"@id\":\"https:\/\/centrocar.com\/portugal\/produtos\/pa12-27v\/#primaryimage\",\"url\":\"https:\/\/centrocar.com\/portugal\/wp-content\/uploads\/sites\/2\/2024\/01\/PA1227V.jpg\",\"contentUrl\":\"https:\/\/centrocar.com\/portugal\/wp-content\/uploads\/sites\/2\/2024\/01\/PA1227V.jpg\",\"width\":809,\"height\":550},{\"@type\":\"BreadcrumbList\",\"@id\":\"https:\/\/centrocar.com\/portugal\/produtos\/pa12-27v\/#breadcrumb\",\"itemListElement\":[{\"@type\":\"ListItem\",\"position\":1,\"name\":\"In\u00edcio\",\"item\":\"https:\/\/centrocar.com\/portugal\/\"},{\"@type\":\"ListItem\",\"position\":2,\"name\":\"Portfolio\",\"item\":\"https:\/\/centrocar.com\/portugal\/produtos\/\"},{\"@type\":\"ListItem\",\"position\":3,\"name\":\"PA12.27V\"}]},{\"@type\":\"WebSite\",\"@id\":\"https:\/\/centrocar.com\/portugal\/#website\",\"url\":\"https:\/\/centrocar.com\/portugal\/\",\"name\":\"Centrocar (Portugal)\",\"description\":\"\",\"potentialAction\":[{\"@type\":\"SearchAction\",\"target\":{\"@type\":\"EntryPoint\",\"urlTemplate\":\"https:\/\/centrocar.com\/portugal\/?s={search_term_string}\"},\"query-input\":{\"@type\":\"PropertyValueSpecification\",\"valueRequired\":true,\"valueName\":\"search_term_string\"}}],\"inLanguage\":\"pt-PT\"}]}<\/script>\n<!-- \/ Yoast SEO plugin. -->","yoast_head_json":{"title":"PA12.27V - Centrocar (Portugal)","robots":{"index":"index","follow":"follow","max-snippet":"max-snippet:-1","max-image-preview":"max-image-preview:large","max-video-preview":"max-video-preview:-1"},"canonical":"https:\/\/centrocar.com\/portugal\/produtos\/pa12-27v\/","og_locale":"pt_PT","og_type":"article","og_title":"PA12.27V - Centrocar (Portugal)","og_description":"MOTOR: Cummins PODER DO MOTOR: 209 (kW) D\u00c9BITO DE AR LIVRE: 27\/25 (m\u00b3\/min) PRESS\u00c3O DA OPERA\u00c7\u00c3O: 8,6\/12,1 (bar)","og_url":"https:\/\/centrocar.com\/portugal\/produtos\/pa12-27v\/","og_site_name":"Centrocar (Portugal)","article_modified_time":"2024-01-29T10:42:35+00:00","og_image":[{"width":809,"height":550,"url":"https:\/\/centrocar.com\/portugal\/wp-content\/uploads\/sites\/2\/2024\/01\/PA1227V.jpg","type":"image\/jpeg"}],"twitter_card":"summary_large_image","schema":{"@context":"https:\/\/schema.org","@graph":[{"@type":"WebPage","@id":"https:\/\/centrocar.com\/portugal\/produtos\/pa12-27v\/","url":"https:\/\/centrocar.com\/portugal\/produtos\/pa12-27v\/","name":"PA12.27V - Centrocar (Portugal)","isPartOf":{"@id":"https:\/\/centrocar.com\/portugal\/#website"},"primaryImageOfPage":{"@id":"https:\/\/centrocar.com\/portugal\/produtos\/pa12-27v\/#primaryimage"},"image":{"@id":"https:\/\/centrocar.com\/portugal\/produtos\/pa12-27v\/#primaryimage"},"thumbnailUrl":"https:\/\/centrocar.com\/portugal\/wp-content\/uploads\/sites\/2\/2024\/01\/PA1227V.jpg","datePublished":"2023-06-01T10:36:00+00:00","dateModified":"2024-01-29T10:42:35+00:00","breadcrumb":{"@id":"https:\/\/centrocar.com\/portugal\/produtos\/pa12-27v\/#breadcrumb"},"inLanguage":"pt-PT","potentialAction":[{"@type":"ReadAction","target":["https:\/\/centrocar.com\/portugal\/produtos\/pa12-27v\/"]}]},{"@type":"ImageObject","inLanguage":"pt-PT","@id":"https:\/\/centrocar.com\/portugal\/produtos\/pa12-27v\/#primaryimage","url":"https:\/\/centrocar.com\/portugal\/wp-content\/uploads\/sites\/2\/2024\/01\/PA1227V.jpg","contentUrl":"https:\/\/centrocar.com\/portugal\/wp-content\/uploads\/sites\/2\/2024\/01\/PA1227V.jpg","width":809,"height":550},{"@type":"BreadcrumbList","@id":"https:\/\/centrocar.com\/portugal\/produtos\/pa12-27v\/#breadcrumb","itemListElement":[{"@type":"ListItem","position":1,"name":"In\u00edcio","item":"https:\/\/centrocar.com\/portugal\/"},{"@type":"ListItem","position":2,"name":"Portfolio","item":"https:\/\/centrocar.com\/portugal\/produtos\/"},{"@type":"ListItem","position":3,"name":"PA12.27V"}]},{"@type":"WebSite","@id":"https:\/\/centrocar.com\/portugal\/#website","url":"https:\/\/centrocar.com\/portugal\/","name":"Centrocar (Portugal)","description":"","potentialAction":[{"@type":"SearchAction","target":{"@type":"EntryPoint","urlTemplate":"https:\/\/centrocar.com\/portugal\/?s={search_term_string}"},"query-input":{"@type":"PropertyValueSpecification","valueRequired":true,"valueName":"search_term_string"}}],"inLanguage":"pt-PT"}]}},"_links":{"self":[{"href":"https:\/\/centrocar.com\/portugal\/wp-json\/wp\/v2\/avada_portfolio\/8809","targetHints":{"allow":["GET"]}}],"collection":[{"href":"https:\/\/centrocar.com\/portugal\/wp-json\/wp\/v2\/avada_portfolio"}],"about":[{"href":"https:\/\/centrocar.com\/portugal\/wp-json\/wp\/v2\/types\/avada_portfolio"}],"author":[{"embeddable":true,"href":"https:\/\/centrocar.com\/portugal\/wp-json\/wp\/v2\/users\/2"}],"replies":[{"embeddable":true,"href":"https:\/\/centrocar.com\/portugal\/wp-json\/wp\/v2\/comments?post=8809"}],"version-history":[{"count":1,"href":"https:\/\/centrocar.com\/portugal\/wp-json\/wp\/v2\/avada_portfolio\/8809\/revisions"}],"predecessor-version":[{"id":8815,"href":"https:\/\/centrocar.com\/portugal\/wp-json\/wp\/v2\/avada_portfolio\/8809\/revisions\/8815"}],"wp:featuredmedia":[{"embeddable":true,"href":"https:\/\/centrocar.com\/portugal\/wp-json\/wp\/v2\/media\/8812"}],"wp:attachment":[{"href":"https:\/\/centrocar.com\/portugal\/wp-json\/wp\/v2\/media?parent=8809"}],"wp:term":[{"taxonomy":"portfolio_category","embeddable":true,"href":"https:\/\/centrocar.com\/portugal\/wp-json\/wp\/v2\/portfolio_category?post=8809"},{"taxonomy":"portfolio_skills","embeddable":true,"href":"https:\/\/centrocar.com\/portugal\/wp-json\/wp\/v2\/portfolio_skills?post=8809"},{"taxonomy":"portfolio_tags","embeddable":true,"href":"https:\/\/centrocar.com\/portugal\/wp-json\/wp\/v2\/portfolio_tags?post=8809"}],"curies":[{"name":"wp","href":"https:\/\/api.w.org\/{rel}","templated":true}]}}

<p><strong>MOTOR:</strong><br />
Cummins<br />
<strong>PODER DO MOTOR:</strong><br />
209 (kW)<br />
<strong>DÉBITO DE AR LIVRE:</strong><br />
27/25 (m³/min)<br />
<strong>PRESSÃO DA OPERAÇÃO:</strong><br />
8,6/12,1 (bar)<br />
<strong>PESO(TRABALHO)FIXO/AJUSTÁVEL:</strong><br />
4770 (kg)</p>

<p><strong>MOTOR:</strong><br />
Cummins<br />
<strong>PODER DO MOTOR:</strong><br />
209 (kW)<br />
<strong>DÉBITO DE AR LIVRE:</strong><br />
27/25 (m³/min)<br />
<strong>PRESSÃO DA OPERAÇÃO:</strong><br />
8,6/12,1 (bar)</p>

<!-- This site is optimized with the Yoast SEO plugin v26.1.1 - https://yoast.com/wordpress/plugins/seo/ -->
<title>PA12.27V - Centrocar (Portugal)</title>
<meta name="robots" content="index, follow, max-snippet:-1, max-image-preview:large, max-video-preview:-1" />
<link rel="canonical" href="https://centrocar.com/portugal/produtos/pa12-27v/" />
<meta property="og:locale" content="pt_PT" />
<meta property="og:type" content="article" />
<meta property="og:title" content="PA12.27V - Centrocar (Portugal)" />
<meta property="og:description" content="MOTOR: Cummins PODER DO MOTOR: 209 (kW) DÉBITO DE AR LIVRE: 27/25 (m³/min) PRESSÃO DA OPERAÇÃO: 8,6/12,1 (bar)" />
<meta property="og:url" content="https://centrocar.com/portugal/produtos/pa12-27v/" />
<meta property="og:site_name" content="Centrocar (Portugal)" />
<meta property="article:modified_time" content="2024-01-29T10:42:35+00:00" />
<meta property="og:image" content="https://centrocar.com/portugal/wp-content/uploads/sites/2/2024/01/PA1227V.jpg" />
	<meta property="og:image:width" content="809" />
	<meta property="og:image:height" content="550" />
	<meta property="og:image:type" content="image/jpeg" />
<meta name="twitter:card" content="summary_large_image" />
<script type="application/ld+json" class="yoast-schema-graph">{"@context":"https://schema.org","@graph":[{"@type":"WebPage","@id":"https://centrocar.com/portugal/produtos/pa12-27v/","url":"https://centrocar.com/portugal/produtos/pa12-27v/","name":"PA12.27V - Centrocar (Portugal)","isPartOf":{"@id":"https://centrocar.com/portugal/#website"},"primaryImageOfPage":{"@id":"https://centrocar.com/portugal/produtos/pa12-27v/#primaryimage"},"image":{"@id":"https://centrocar.com/portugal/produtos/pa12-27v/#primaryimage"},"thumbnailUrl":"https://centrocar.com/portugal/wp-content/uploads/sites/2/2024/01/PA1227V.jpg","datePublished":"2023-06-01T10:36:00+00:00","dateModified":"2024-01-29T10:42:35+00:00","breadcrumb":{"@id":"https://centrocar.com/portugal/produtos/pa12-27v/#breadcrumb"},"inLanguage":"pt-PT","potentialAction":[{"@type":"ReadAction","target":["https://centrocar.com/portugal/produtos/pa12-27v/"]}]},{"@type":"ImageObject","inLanguage":"pt-PT","@id":"https://centrocar.com/portugal/produtos/pa12-27v/#primaryimage","url":"https://centrocar.com/portugal/wp-content/uploads/sites/2/2024/01/PA1227V.jpg","contentUrl":"https://centrocar.com/portugal/wp-content/uploads/sites/2/2024/01/PA1227V.jpg","width":809,"height":550},{"@type":"BreadcrumbList","@id":"https://centrocar.com/portugal/produtos/pa12-27v/#breadcrumb","itemListElement":[{"@type":"ListItem","position":1,"name":"Início","item":"https://centrocar.com/portugal/"},{"@type":"ListItem","position":2,"name":"Portfolio","item":"https://centrocar.com/portugal/produtos/"},{"@type":"ListItem","position":3,"name":"PA12.27V"}]},{"@type":"WebSite","@id":"https://centrocar.com/portugal/#website","url":"https://centrocar.com/portugal/","name":"Centrocar (Portugal)","description":"","potentialAction":[{"@type":"SearchAction","target":{"@type":"EntryPoint","urlTemplate":"https://centrocar.com/portugal/?s={search_term_string}"},"query-input":{"@type":"PropertyValueSpecification","valueRequired":true,"valueName":"search_term_string"}}],"inLanguage":"pt-PT"}]}</script>
<!-- / Yoast SEO plugin. -->

MOTOR: Cummins PODER DO MOTOR: 209 (kW) DÉBITO DE AR LIVRE: 27/25 (m³/min) PRESSÃO DA OPERAÇÃO: 8,6/12,1 (bar)

Início
