{"id":9500,"date":"2024-06-11T08:26:46","date_gmt":"2024-06-11T08:26:46","guid":{"rendered":"https:\/\/centrocar.com\/portugal\/es\/?post_type=avada_portfolio&#038;p=9500"},"modified":"2024-06-11T11:51:09","modified_gmt":"2024-06-11T11:51:09","slug":"ct2025-2","status":"publish","type":"avada_portfolio","link":"https:\/\/centrocar.com\/portugal\/es\/produtos\/ct2025-2\/","title":{"rendered":"CT2025"},"content":{"rendered":"<p><strong>TIPO DE MOTOR:<\/strong><br \/>\n3 cilindros, refrigerado por agua, 4 tiempos, inyecci\u00f3n indirecta (IDI)<br \/>\n<strong>POTENCIA DEL MOTOR:<\/strong><br \/>\n18,27\/25 (kW \/ CV)<br \/>\n<strong>POTENCIA DE LA TDF:<\/strong><br \/>\n19 (CV)<br \/>\n<strong>CAPACIDAD DE ELEVACI\u00d3N:<\/strong><br \/>\n1030 (Kg)<br \/>\n<strong>PESO TRACTOR:<\/strong><br \/>\n1438 (Kg)<\/p>\n<p>Los tractores compactos Bobcat CT2025 suponen un paso adelante en productividad, versatilidad y fiabilidad. Sea cual sea su aplicaci\u00f3n, estas m\u00e1quinas le ayudar\u00e1n a realizar el trabajo de forma eficiente gracias a su robusta construcci\u00f3n, su suave funcionamiento, su configuraci\u00f3n flexible y su total compatibilidad con una amplia gama de implementos. Y cuando se trata de mantenimiento, la amplia red de servicios de Bobcat le ofrece el apoyo que su negocio necesita.<\/p>\n","protected":false},"excerpt":{"rendered":"<p><strong>TIPO DE MOTOR:<\/strong><br \/>\n3 cilindros, refrigerado por agua, 4 tiempos, inyecci\u00f3n indirecta (IDI)<br \/>\n<strong>POTENCIA DEL MOTOR:<\/strong><br \/>\n18,27\/25\u00a0 (kW \/ CV)<br \/>\n<strong>CAPACIDAD DE ELEVACI\u00d3N:<\/strong><br \/>\n715 (kg)<br \/>\n<strong>PESO DO TRACTOR:<\/strong><br \/>\n719 (Kg)<\/p>\n","protected":false},"author":4,"featured_media":9306,"menu_order":0,"comment_status":"closed","ping_status":"closed","template":"","format":"standard","meta":{"_acf_changed":false,"footnotes":""},"portfolio_category":[166,196,171,179],"portfolio_skills":[887],"portfolio_tags":[210,739],"class_list":["post-9500","avada_portfolio","type-avada_portfolio","status-publish","format-standard","has-post-thumbnail","hentry","portfolio_category-es-agricultura","portfolio_category-es-canteras-y-agregados","portfolio_category-es-construccion","portfolio_category-es-forestal","portfolio_skills-es-tractores-compactos","portfolio_tags-es-bobcat","portfolio_tags-es-todas"],"acf":[],"yoast_head":"<!-- This site is optimized with the Yoast SEO plugin v26.1.1 - https:\/\/yoast.com\/wordpress\/plugins\/seo\/ -->\n<title>CT2025 - Centrocar (Portugal)<\/title>\n<meta name=\"robots\" content=\"index, follow, max-snippet:-1, max-image-preview:large, max-video-preview:-1\" \/>\n<link rel=\"canonical\" href=\"https:\/\/centrocar.com\/portugal\/es\/produtos\/ct2025-2\/\" \/>\n<meta property=\"og:locale\" content=\"pt_PT\" \/>\n<meta property=\"og:type\" content=\"article\" \/>\n<meta property=\"og:title\" content=\"CT2025 - Centrocar (Portugal)\" \/>\n<meta property=\"og:description\" content=\"TIPO DE MOTOR: 3 cilindros, refrigerado por agua, 4 tiempos, inyecci\u00f3n indirecta (IDI) POTENCIA DEL MOTOR: 18,27\/25\u00a0 (kW \/ CV) CAPACIDAD DE ELEVACI\u00d3N: 715 (kg) PESO DO TRACTOR: 719 (Kg)\" \/>\n<meta property=\"og:url\" content=\"https:\/\/centrocar.com\/portugal\/es\/produtos\/ct2025-2\/\" \/>\n<meta property=\"og:site_name\" content=\"Centrocar (Portugal)\" \/>\n<meta property=\"article:modified_time\" content=\"2024-06-11T11:51:09+00:00\" \/>\n<meta property=\"og:image\" content=\"https:\/\/centrocar.com\/portugal\/wp-content\/uploads\/sites\/2\/2024\/06\/CT2025.jpg\" \/>\n\t<meta property=\"og:image:width\" content=\"809\" \/>\n\t<meta property=\"og:image:height\" content=\"550\" \/>\n\t<meta property=\"og:image:type\" content=\"image\/jpeg\" \/>\n<meta name=\"twitter:card\" content=\"summary_large_image\" \/>\n<meta name=\"twitter:label1\" content=\"Tempo estimado de leitura\" \/>\n\t<meta name=\"twitter:data1\" content=\"1 minuto\" \/>\n<script type=\"application\/ld+json\" class=\"yoast-schema-graph\">{\"@context\":\"https:\/\/schema.org\",\"@graph\":[{\"@type\":\"WebPage\",\"@id\":\"https:\/\/centrocar.com\/portugal\/es\/produtos\/ct2025-2\/\",\"url\":\"https:\/\/centrocar.com\/portugal\/es\/produtos\/ct2025-2\/\",\"name\":\"CT2025 - Centrocar (Portugal)\",\"isPartOf\":{\"@id\":\"https:\/\/centrocar.com\/portugal\/#website\"},\"primaryImageOfPage\":{\"@id\":\"https:\/\/centrocar.com\/portugal\/es\/produtos\/ct2025-2\/#primaryimage\"},\"image\":{\"@id\":\"https:\/\/centrocar.com\/portugal\/es\/produtos\/ct2025-2\/#primaryimage\"},\"thumbnailUrl\":\"https:\/\/centrocar.com\/portugal\/wp-content\/uploads\/sites\/2\/2024\/06\/CT2025.jpg\",\"datePublished\":\"2024-06-11T08:26:46+00:00\",\"dateModified\":\"2024-06-11T11:51:09+00:00\",\"breadcrumb\":{\"@id\":\"https:\/\/centrocar.com\/portugal\/es\/produtos\/ct2025-2\/#breadcrumb\"},\"inLanguage\":\"pt-PT\",\"potentialAction\":[{\"@type\":\"ReadAction\",\"target\":[\"https:\/\/centrocar.com\/portugal\/es\/produtos\/ct2025-2\/\"]}]},{\"@type\":\"ImageObject\",\"inLanguage\":\"pt-PT\",\"@id\":\"https:\/\/centrocar.com\/portugal\/es\/produtos\/ct2025-2\/#primaryimage\",\"url\":\"https:\/\/centrocar.com\/portugal\/wp-content\/uploads\/sites\/2\/2024\/06\/CT2025.jpg\",\"contentUrl\":\"https:\/\/centrocar.com\/portugal\/wp-content\/uploads\/sites\/2\/2024\/06\/CT2025.jpg\",\"width\":809,\"height\":550},{\"@type\":\"BreadcrumbList\",\"@id\":\"https:\/\/centrocar.com\/portugal\/es\/produtos\/ct2025-2\/#breadcrumb\",\"itemListElement\":[{\"@type\":\"ListItem\",\"position\":1,\"name\":\"In\u00edcio\",\"item\":\"https:\/\/centrocar.com\/portugal\/\"},{\"@type\":\"ListItem\",\"position\":2,\"name\":\"Portfolio\",\"item\":\"https:\/\/centrocar.com\/portugal\/produtos\/\"},{\"@type\":\"ListItem\",\"position\":3,\"name\":\"CT2025\"}]},{\"@type\":\"WebSite\",\"@id\":\"https:\/\/centrocar.com\/portugal\/#website\",\"url\":\"https:\/\/centrocar.com\/portugal\/\",\"name\":\"Centrocar (Portugal)\",\"description\":\"\",\"potentialAction\":[{\"@type\":\"SearchAction\",\"target\":{\"@type\":\"EntryPoint\",\"urlTemplate\":\"https:\/\/centrocar.com\/portugal\/?s={search_term_string}\"},\"query-input\":{\"@type\":\"PropertyValueSpecification\",\"valueRequired\":true,\"valueName\":\"search_term_string\"}}],\"inLanguage\":\"pt-PT\"}]}<\/script>\n<!-- \/ Yoast SEO plugin. -->","yoast_head_json":{"title":"CT2025 - Centrocar (Portugal)","robots":{"index":"index","follow":"follow","max-snippet":"max-snippet:-1","max-image-preview":"max-image-preview:large","max-video-preview":"max-video-preview:-1"},"canonical":"https:\/\/centrocar.com\/portugal\/es\/produtos\/ct2025-2\/","og_locale":"pt_PT","og_type":"article","og_title":"CT2025 - Centrocar (Portugal)","og_description":"TIPO DE MOTOR: 3 cilindros, refrigerado por agua, 4 tiempos, inyecci\u00f3n indirecta (IDI) POTENCIA DEL MOTOR: 18,27\/25\u00a0 (kW \/ CV) CAPACIDAD DE ELEVACI\u00d3N: 715 (kg) PESO DO TRACTOR: 719 (Kg)","og_url":"https:\/\/centrocar.com\/portugal\/es\/produtos\/ct2025-2\/","og_site_name":"Centrocar (Portugal)","article_modified_time":"2024-06-11T11:51:09+00:00","og_image":[{"width":809,"height":550,"url":"https:\/\/centrocar.com\/portugal\/wp-content\/uploads\/sites\/2\/2024\/06\/CT2025.jpg","type":"image\/jpeg"}],"twitter_card":"summary_large_image","twitter_misc":{"Tempo estimado de leitura":"1 minuto"},"schema":{"@context":"https:\/\/schema.org","@graph":[{"@type":"WebPage","@id":"https:\/\/centrocar.com\/portugal\/es\/produtos\/ct2025-2\/","url":"https:\/\/centrocar.com\/portugal\/es\/produtos\/ct2025-2\/","name":"CT2025 - Centrocar (Portugal)","isPartOf":{"@id":"https:\/\/centrocar.com\/portugal\/#website"},"primaryImageOfPage":{"@id":"https:\/\/centrocar.com\/portugal\/es\/produtos\/ct2025-2\/#primaryimage"},"image":{"@id":"https:\/\/centrocar.com\/portugal\/es\/produtos\/ct2025-2\/#primaryimage"},"thumbnailUrl":"https:\/\/centrocar.com\/portugal\/wp-content\/uploads\/sites\/2\/2024\/06\/CT2025.jpg","datePublished":"2024-06-11T08:26:46+00:00","dateModified":"2024-06-11T11:51:09+00:00","breadcrumb":{"@id":"https:\/\/centrocar.com\/portugal\/es\/produtos\/ct2025-2\/#breadcrumb"},"inLanguage":"pt-PT","potentialAction":[{"@type":"ReadAction","target":["https:\/\/centrocar.com\/portugal\/es\/produtos\/ct2025-2\/"]}]},{"@type":"ImageObject","inLanguage":"pt-PT","@id":"https:\/\/centrocar.com\/portugal\/es\/produtos\/ct2025-2\/#primaryimage","url":"https:\/\/centrocar.com\/portugal\/wp-content\/uploads\/sites\/2\/2024\/06\/CT2025.jpg","contentUrl":"https:\/\/centrocar.com\/portugal\/wp-content\/uploads\/sites\/2\/2024\/06\/CT2025.jpg","width":809,"height":550},{"@type":"BreadcrumbList","@id":"https:\/\/centrocar.com\/portugal\/es\/produtos\/ct2025-2\/#breadcrumb","itemListElement":[{"@type":"ListItem","position":1,"name":"In\u00edcio","item":"https:\/\/centrocar.com\/portugal\/"},{"@type":"ListItem","position":2,"name":"Portfolio","item":"https:\/\/centrocar.com\/portugal\/produtos\/"},{"@type":"ListItem","position":3,"name":"CT2025"}]},{"@type":"WebSite","@id":"https:\/\/centrocar.com\/portugal\/#website","url":"https:\/\/centrocar.com\/portugal\/","name":"Centrocar (Portugal)","description":"","potentialAction":[{"@type":"SearchAction","target":{"@type":"EntryPoint","urlTemplate":"https:\/\/centrocar.com\/portugal\/?s={search_term_string}"},"query-input":{"@type":"PropertyValueSpecification","valueRequired":true,"valueName":"search_term_string"}}],"inLanguage":"pt-PT"}]}},"_links":{"self":[{"href":"https:\/\/centrocar.com\/portugal\/wp-json\/wp\/v2\/avada_portfolio\/9500","targetHints":{"allow":["GET"]}}],"collection":[{"href":"https:\/\/centrocar.com\/portugal\/wp-json\/wp\/v2\/avada_portfolio"}],"about":[{"href":"https:\/\/centrocar.com\/portugal\/wp-json\/wp\/v2\/types\/avada_portfolio"}],"author":[{"embeddable":true,"href":"https:\/\/centrocar.com\/portugal\/wp-json\/wp\/v2\/users\/4"}],"replies":[{"embeddable":true,"href":"https:\/\/centrocar.com\/portugal\/wp-json\/wp\/v2\/comments?post=9500"}],"version-history":[{"count":1,"href":"https:\/\/centrocar.com\/portugal\/wp-json\/wp\/v2\/avada_portfolio\/9500\/revisions"}],"predecessor-version":[{"id":9505,"href":"https:\/\/centrocar.com\/portugal\/wp-json\/wp\/v2\/avada_portfolio\/9500\/revisions\/9505"}],"wp:featuredmedia":[{"embeddable":true,"href":"https:\/\/centrocar.com\/portugal\/wp-json\/wp\/v2\/media\/9306"}],"wp:attachment":[{"href":"https:\/\/centrocar.com\/portugal\/wp-json\/wp\/v2\/media?parent=9500"}],"wp:term":[{"taxonomy":"portfolio_category","embeddable":true,"href":"https:\/\/centrocar.com\/portugal\/wp-json\/wp\/v2\/portfolio_category?post=9500"},{"taxonomy":"portfolio_skills","embeddable":true,"href":"https:\/\/centrocar.com\/portugal\/wp-json\/wp\/v2\/portfolio_skills?post=9500"},{"taxonomy":"portfolio_tags","embeddable":true,"href":"https:\/\/centrocar.com\/portugal\/wp-json\/wp\/v2\/portfolio_tags?post=9500"}],"curies":[{"name":"wp","href":"https:\/\/api.w.org\/{rel}","templated":true}]}}

<p><strong>TIPO DE MOTOR:</strong><br />
3 cilindros, refrigerado por agua, 4 tiempos, inyección indirecta (IDI)<br />
<strong>POTENCIA DEL MOTOR:</strong><br />
18,27/25 (kW / CV)<br />
<strong>POTENCIA DE LA TDF:</strong><br />
19 (CV)<br />
<strong>CAPACIDAD DE ELEVACIÓN:</strong><br />
1030 (Kg)<br />
<strong>PESO TRACTOR:</strong><br />
1438 (Kg)</p>
<p>Los tractores compactos Bobcat CT2025 suponen un paso adelante en productividad, versatilidad y fiabilidad. Sea cual sea su aplicación, estas máquinas le ayudarán a realizar el trabajo de forma eficiente gracias a su robusta construcción, su suave funcionamiento, su configuración flexible y su total compatibilidad con una amplia gama de implementos. Y cuando se trata de mantenimiento, la amplia red de servicios de Bobcat le ofrece el apoyo que su negocio necesita.</p>

<p><strong>TIPO DE MOTOR:</strong><br />
3 cilindros, refrigerado por agua, 4 tiempos, inyección indirecta (IDI)<br />
<strong>POTENCIA DEL MOTOR:</strong><br />
18,27/25  (kW / CV)<br />
<strong>CAPACIDAD DE ELEVACIÓN:</strong><br />
715 (kg)<br />
<strong>PESO DO TRACTOR:</strong><br />
719 (Kg)</p>

<!-- This site is optimized with the Yoast SEO plugin v26.1.1 - https://yoast.com/wordpress/plugins/seo/ -->
<title>CT2025 - Centrocar (Portugal)</title>
<meta name="robots" content="index, follow, max-snippet:-1, max-image-preview:large, max-video-preview:-1" />
<link rel="canonical" href="https://centrocar.com/portugal/es/produtos/ct2025-2/" />
<meta property="og:locale" content="pt_PT" />
<meta property="og:type" content="article" />
<meta property="og:title" content="CT2025 - Centrocar (Portugal)" />
<meta property="og:description" content="TIPO DE MOTOR: 3 cilindros, refrigerado por agua, 4 tiempos, inyección indirecta (IDI) POTENCIA DEL MOTOR: 18,27/25  (kW / CV) CAPACIDAD DE ELEVACIÓN: 715 (kg) PESO DO TRACTOR: 719 (Kg)" />
<meta property="og:url" content="https://centrocar.com/portugal/es/produtos/ct2025-2/" />
<meta property="og:site_name" content="Centrocar (Portugal)" />
<meta property="article:modified_time" content="2024-06-11T11:51:09+00:00" />
<meta property="og:image" content="https://centrocar.com/portugal/wp-content/uploads/sites/2/2024/06/CT2025.jpg" />
	<meta property="og:image:width" content="809" />
	<meta property="og:image:height" content="550" />
	<meta property="og:image:type" content="image/jpeg" />
<meta name="twitter:card" content="summary_large_image" />
<meta name="twitter:label1" content="Tempo estimado de leitura" />
	<meta name="twitter:data1" content="1 minuto" />
<script type="application/ld+json" class="yoast-schema-graph">{"@context":"https://schema.org","@graph":[{"@type":"WebPage","@id":"https://centrocar.com/portugal/es/produtos/ct2025-2/","url":"https://centrocar.com/portugal/es/produtos/ct2025-2/","name":"CT2025 - Centrocar (Portugal)","isPartOf":{"@id":"https://centrocar.com/portugal/#website"},"primaryImageOfPage":{"@id":"https://centrocar.com/portugal/es/produtos/ct2025-2/#primaryimage"},"image":{"@id":"https://centrocar.com/portugal/es/produtos/ct2025-2/#primaryimage"},"thumbnailUrl":"https://centrocar.com/portugal/wp-content/uploads/sites/2/2024/06/CT2025.jpg","datePublished":"2024-06-11T08:26:46+00:00","dateModified":"2024-06-11T11:51:09+00:00","breadcrumb":{"@id":"https://centrocar.com/portugal/es/produtos/ct2025-2/#breadcrumb"},"inLanguage":"pt-PT","potentialAction":[{"@type":"ReadAction","target":["https://centrocar.com/portugal/es/produtos/ct2025-2/"]}]},{"@type":"ImageObject","inLanguage":"pt-PT","@id":"https://centrocar.com/portugal/es/produtos/ct2025-2/#primaryimage","url":"https://centrocar.com/portugal/wp-content/uploads/sites/2/2024/06/CT2025.jpg","contentUrl":"https://centrocar.com/portugal/wp-content/uploads/sites/2/2024/06/CT2025.jpg","width":809,"height":550},{"@type":"BreadcrumbList","@id":"https://centrocar.com/portugal/es/produtos/ct2025-2/#breadcrumb","itemListElement":[{"@type":"ListItem","position":1,"name":"Início","item":"https://centrocar.com/portugal/"},{"@type":"ListItem","position":2,"name":"Portfolio","item":"https://centrocar.com/portugal/produtos/"},{"@type":"ListItem","position":3,"name":"CT2025"}]},{"@type":"WebSite","@id":"https://centrocar.com/portugal/#website","url":"https://centrocar.com/portugal/","name":"Centrocar (Portugal)","description":"","potentialAction":[{"@type":"SearchAction","target":{"@type":"EntryPoint","urlTemplate":"https://centrocar.com/portugal/?s={search_term_string}"},"query-input":{"@type":"PropertyValueSpecification","valueRequired":true,"valueName":"search_term_string"}}],"inLanguage":"pt-PT"}]}</script>
<!-- / Yoast SEO plugin. -->

TIPO DE MOTOR: 3 cilindros, refrigerado por agua, 4 tiempos, inyección indirecta (IDI) POTENCIA DEL MOTOR: 18,27/25  (kW / CV) CAPACIDAD DE ELEVACIÓN: 715 (kg) PESO DO TRACTOR: 719 (Kg)

Início
