{"id":8524,"date":"2023-11-30T13:46:05","date_gmt":"2023-11-30T13:46:05","guid":{"rendered":"https:\/\/centrocar.com\/portugal\/?page_id=8524"},"modified":"2023-12-06T14:17:34","modified_gmt":"2023-12-06T14:17:34","slug":"contratos-de-mantenimiento","status":"publish","type":"page","link":"https:\/\/centrocar.com\/portugal\/es\/contratos-de-mantenimiento\/","title":{"rendered":"Contratos de mantenimiento"},"content":{"rendered":"<div class=\"fusion-fullwidth fullwidth-box fusion-builder-row-1 fusion-flex-container has-pattern-background has-mask-background nonhundred-percent-fullwidth non-hundred-percent-height-scrolling\" style=\"--awb-border-radius-top-left:0px;--awb-border-radius-top-right:0px;--awb-border-radius-bottom-right:0px;--awb-border-radius-bottom-left:0px;--awb-padding-top:30px;--awb-padding-bottom:30px;--awb-margin-top:0px;--awb-margin-bottom:0px;--awb-background-color:rgba(255,255,255,0);--awb-flex-wrap:wrap;\" ><div class=\"fusion-builder-row fusion-row fusion-flex-align-items-flex-start fusion-flex-content-wrap\" style=\"max-width:1318.4px;margin-left: calc(-3% \/ 2 );margin-right: calc(-3% \/ 2 );\"><div class=\"fusion-layout-column fusion_builder_column fusion-builder-column-0 fusion_builder_column_1_2 1_2 fusion-flex-column\" style=\"--awb-overflow:hidden;--awb-bg-size:cover;--awb-box-shadow:1px 1px 1px 0px var(--awb-color3);;--awb-border-radius:4px 4px 4px 4px;--awb-width-large:50%;--awb-margin-top-large:30px;--awb-spacing-right-large:2.91%;--awb-margin-bottom-large:0px;--awb-spacing-left-large:2.91%;--awb-width-medium:50%;--awb-order-medium:0;--awb-spacing-right-medium:2.91%;--awb-spacing-left-medium:2.91%;--awb-width-small:100%;--awb-order-small:0;--awb-spacing-right-small:1.455%;--awb-spacing-left-small:1.455%;\" data-scroll-devices=\"small-visibility,medium-visibility,large-visibility\"><div class=\"fusion-column-wrapper fusion-column-has-shadow fusion-flex-justify-content-flex-start fusion-content-layout-column\"><div class=\"fusion-image-element \" style=\"--awb-caption-title-font-family:var(--h2_typography-font-family);--awb-caption-title-font-weight:var(--h2_typography-font-weight);--awb-caption-title-font-style:var(--h2_typography-font-style);--awb-caption-title-size:var(--h2_typography-font-size);--awb-caption-title-transform:var(--h2_typography-text-transform);--awb-caption-title-line-height:var(--h2_typography-line-height);--awb-caption-title-letter-spacing:var(--h2_typography-letter-spacing);\"><span class=\" fusion-imageframe imageframe-none imageframe-1 hover-type-none\"><img decoding=\"async\" width=\"809\" height=\"550\" title=\"CONTRATO_SERVICO\" src=\"http:\/\/centrocar.com\/portugal\/wp-content\/uploads\/sites\/2\/2023\/11\/CONTRATO_SERVICO.jpg\" alt class=\"img-responsive wp-image-8377\" srcset=\"https:\/\/centrocar.com\/portugal\/wp-content\/uploads\/sites\/2\/2023\/11\/CONTRATO_SERVICO-200x136.jpg 200w, https:\/\/centrocar.com\/portugal\/wp-content\/uploads\/sites\/2\/2023\/11\/CONTRATO_SERVICO-400x272.jpg 400w, https:\/\/centrocar.com\/portugal\/wp-content\/uploads\/sites\/2\/2023\/11\/CONTRATO_SERVICO-600x408.jpg 600w, https:\/\/centrocar.com\/portugal\/wp-content\/uploads\/sites\/2\/2023\/11\/CONTRATO_SERVICO-800x544.jpg 800w, https:\/\/centrocar.com\/portugal\/wp-content\/uploads\/sites\/2\/2023\/11\/CONTRATO_SERVICO.jpg 809w\" sizes=\"(max-width: 640px) 100vw, 800px\" \/><\/span><\/div><\/div><\/div><div class=\"fusion-layout-column fusion_builder_column fusion-builder-column-1 fusion_builder_column_1_2 1_2 fusion-flex-column fusion-flex-align-self-flex-start\" style=\"--awb-bg-size:cover;--awb-width-large:50%;--awb-margin-top-large:0px;--awb-spacing-right-large:2.91%;--awb-margin-bottom-large:36.996300000000005px;--awb-spacing-left-large:2.91%;--awb-width-medium:50%;--awb-order-medium:0;--awb-spacing-right-medium:2.91%;--awb-spacing-left-medium:2.91%;--awb-width-small:100%;--awb-order-small:0;--awb-spacing-right-small:1.455%;--awb-spacing-left-small:1.455%;\" data-scroll-devices=\"small-visibility,medium-visibility,large-visibility\"><div class=\"fusion-column-wrapper fusion-column-has-shadow fusion-flex-justify-content-flex-start fusion-content-layout-column\"><div class=\"fusion-title title fusion-title-1 fusion-sep-none fusion-title-text fusion-title-size-four\" style=\"--awb-text-color:var(--awb-color4);--awb-margin-top:0px;--awb-margin-bottom:0px;\"><h4 class=\"fusion-title-heading title-heading-left\" style=\"margin:0;\"><h4 class=\"text-color\">CONTRATOS DE MANUTENCI\u00d3N<\/h4><\/h4><\/div><div class=\"fusion-title title fusion-title-2 fusion-sep-none fusion-title-text fusion-title-size-two\" style=\"--awb-margin-top:0px;--awb-margin-bottom:0px;\"><h2 class=\"fusion-title-heading title-heading-left\" style=\"margin:0;\"><h2>MANTENIMIENTO<\/h2><\/h2><\/div><div class=\"fusion-text fusion-text-1\" style=\"--awb-content-alignment:justify;\"><p>Cuente con nosotros para garantizar una mayor seguridad\/rentabilidad de sus equipos a trav\u00e9s de &#8220;Contratos de Servicio o Mantenimiento&#8221;.<\/p>\n<p>Nuestros Contratos de Servicio y Contratos de Mantenimiento son personalizados y debidamente espec\u00edficos para nuestros equipos y para satisfacer sus necesidades. Le permitir\u00e1n ahorrar tiempo, dinero, mejorar la disponibilidad de su m\u00e1quina y liberar recursos para centrarse en otros aspectos importantes de su negocio. Cabe destacar tambi\u00e9n que garantizan un aumento de la vida \u00fatil de los equipos al menor coste posible, una mayor tranquilidad, una mayor protecci\u00f3n de sus equipos y un mayor valor de los mismos.<\/p>\n<p>Los contratos se hacen a medida de cada cliente, seg\u00fan el n\u00famero de horas y el tiempo espec\u00edfico por un coste mensual fijo o variable en funci\u00f3n de las horas trabajadas.<\/p>\n<\/div><div ><a class=\"fusion-button button-flat fusion-button-default-size button-default fusion-button-default button-1 fusion-button-default-span fusion-button-default-type\" style=\"--button_margin-top:10px;\" target=\"_self\" href=\"#awb-open-oc__7121\"><span class=\"fusion-button-text awb-button__text awb-button__text--default\">DESCUBRA M\u00c1S<\/span><\/a><\/div><\/div><\/div><\/div><\/div>\n","protected":false},"excerpt":{"rendered":"","protected":false},"author":1,"featured_media":0,"parent":0,"menu_order":0,"comment_status":"closed","ping_status":"closed","template":"100-width.php","meta":{"_acf_changed":false,"footnotes":""},"class_list":["post-8524","page","type-page","status-publish","hentry"],"acf":[],"yoast_head":"<!-- This site is optimized with the Yoast SEO plugin v26.1.1 - https:\/\/yoast.com\/wordpress\/plugins\/seo\/ -->\n<title>Contratos de mantenimiento - Centrocar (Portugal)<\/title>\n<meta name=\"robots\" content=\"index, follow, max-snippet:-1, max-image-preview:large, max-video-preview:-1\" \/>\n<link rel=\"canonical\" href=\"https:\/\/centrocar.com\/portugal\/es\/contratos-de-mantenimiento\/\" \/>\n<meta property=\"og:locale\" content=\"pt_PT\" \/>\n<meta property=\"og:type\" content=\"article\" \/>\n<meta property=\"og:title\" content=\"Contratos de mantenimiento - Centrocar (Portugal)\" \/>\n<meta property=\"og:url\" content=\"https:\/\/centrocar.com\/portugal\/es\/contratos-de-mantenimiento\/\" \/>\n<meta property=\"og:site_name\" content=\"Centrocar (Portugal)\" \/>\n<meta property=\"article:modified_time\" content=\"2023-12-06T14:17:34+00:00\" \/>\n<meta name=\"twitter:card\" content=\"summary_large_image\" \/>\n<meta name=\"twitter:label1\" content=\"Tempo estimado de leitura\" \/>\n\t<meta name=\"twitter:data1\" content=\"9 minutos\" \/>\n<script type=\"application\/ld+json\" class=\"yoast-schema-graph\">{\"@context\":\"https:\/\/schema.org\",\"@graph\":[{\"@type\":\"WebPage\",\"@id\":\"https:\/\/centrocar.com\/portugal\/es\/contratos-de-mantenimiento\/\",\"url\":\"https:\/\/centrocar.com\/portugal\/es\/contratos-de-mantenimiento\/\",\"name\":\"Contratos de mantenimiento - Centrocar (Portugal)\",\"isPartOf\":{\"@id\":\"https:\/\/centrocar.com\/portugal\/#website\"},\"datePublished\":\"2023-11-30T13:46:05+00:00\",\"dateModified\":\"2023-12-06T14:17:34+00:00\",\"breadcrumb\":{\"@id\":\"https:\/\/centrocar.com\/portugal\/es\/contratos-de-mantenimiento\/#breadcrumb\"},\"inLanguage\":\"pt-PT\",\"potentialAction\":[{\"@type\":\"ReadAction\",\"target\":[\"https:\/\/centrocar.com\/portugal\/es\/contratos-de-mantenimiento\/\"]}]},{\"@type\":\"BreadcrumbList\",\"@id\":\"https:\/\/centrocar.com\/portugal\/es\/contratos-de-mantenimiento\/#breadcrumb\",\"itemListElement\":[{\"@type\":\"ListItem\",\"position\":1,\"name\":\"In\u00edcio\",\"item\":\"https:\/\/centrocar.com\/portugal\/\"},{\"@type\":\"ListItem\",\"position\":2,\"name\":\"Contratos de mantenimiento\"}]},{\"@type\":\"WebSite\",\"@id\":\"https:\/\/centrocar.com\/portugal\/#website\",\"url\":\"https:\/\/centrocar.com\/portugal\/\",\"name\":\"Centrocar (Portugal)\",\"description\":\"\",\"potentialAction\":[{\"@type\":\"SearchAction\",\"target\":{\"@type\":\"EntryPoint\",\"urlTemplate\":\"https:\/\/centrocar.com\/portugal\/?s={search_term_string}\"},\"query-input\":{\"@type\":\"PropertyValueSpecification\",\"valueRequired\":true,\"valueName\":\"search_term_string\"}}],\"inLanguage\":\"pt-PT\"}]}<\/script>\n<!-- \/ Yoast SEO plugin. -->","yoast_head_json":{"title":"Contratos de mantenimiento - Centrocar (Portugal)","robots":{"index":"index","follow":"follow","max-snippet":"max-snippet:-1","max-image-preview":"max-image-preview:large","max-video-preview":"max-video-preview:-1"},"canonical":"https:\/\/centrocar.com\/portugal\/es\/contratos-de-mantenimiento\/","og_locale":"pt_PT","og_type":"article","og_title":"Contratos de mantenimiento - Centrocar (Portugal)","og_url":"https:\/\/centrocar.com\/portugal\/es\/contratos-de-mantenimiento\/","og_site_name":"Centrocar (Portugal)","article_modified_time":"2023-12-06T14:17:34+00:00","twitter_card":"summary_large_image","twitter_misc":{"Tempo estimado de leitura":"9 minutos"},"schema":{"@context":"https:\/\/schema.org","@graph":[{"@type":"WebPage","@id":"https:\/\/centrocar.com\/portugal\/es\/contratos-de-mantenimiento\/","url":"https:\/\/centrocar.com\/portugal\/es\/contratos-de-mantenimiento\/","name":"Contratos de mantenimiento - Centrocar (Portugal)","isPartOf":{"@id":"https:\/\/centrocar.com\/portugal\/#website"},"datePublished":"2023-11-30T13:46:05+00:00","dateModified":"2023-12-06T14:17:34+00:00","breadcrumb":{"@id":"https:\/\/centrocar.com\/portugal\/es\/contratos-de-mantenimiento\/#breadcrumb"},"inLanguage":"pt-PT","potentialAction":[{"@type":"ReadAction","target":["https:\/\/centrocar.com\/portugal\/es\/contratos-de-mantenimiento\/"]}]},{"@type":"BreadcrumbList","@id":"https:\/\/centrocar.com\/portugal\/es\/contratos-de-mantenimiento\/#breadcrumb","itemListElement":[{"@type":"ListItem","position":1,"name":"In\u00edcio","item":"https:\/\/centrocar.com\/portugal\/"},{"@type":"ListItem","position":2,"name":"Contratos de mantenimiento"}]},{"@type":"WebSite","@id":"https:\/\/centrocar.com\/portugal\/#website","url":"https:\/\/centrocar.com\/portugal\/","name":"Centrocar (Portugal)","description":"","potentialAction":[{"@type":"SearchAction","target":{"@type":"EntryPoint","urlTemplate":"https:\/\/centrocar.com\/portugal\/?s={search_term_string}"},"query-input":{"@type":"PropertyValueSpecification","valueRequired":true,"valueName":"search_term_string"}}],"inLanguage":"pt-PT"}]}},"_links":{"self":[{"href":"https:\/\/centrocar.com\/portugal\/wp-json\/wp\/v2\/pages\/8524","targetHints":{"allow":["GET"]}}],"collection":[{"href":"https:\/\/centrocar.com\/portugal\/wp-json\/wp\/v2\/pages"}],"about":[{"href":"https:\/\/centrocar.com\/portugal\/wp-json\/wp\/v2\/types\/page"}],"author":[{"embeddable":true,"href":"https:\/\/centrocar.com\/portugal\/wp-json\/wp\/v2\/users\/1"}],"replies":[{"embeddable":true,"href":"https:\/\/centrocar.com\/portugal\/wp-json\/wp\/v2\/comments?post=8524"}],"version-history":[{"count":3,"href":"https:\/\/centrocar.com\/portugal\/wp-json\/wp\/v2\/pages\/8524\/revisions"}],"predecessor-version":[{"id":8617,"href":"https:\/\/centrocar.com\/portugal\/wp-json\/wp\/v2\/pages\/8524\/revisions\/8617"}],"wp:attachment":[{"href":"https:\/\/centrocar.com\/portugal\/wp-json\/wp\/v2\/media?parent=8524"}],"curies":[{"name":"wp","href":"https:\/\/api.w.org\/{rel}","templated":true}]}}