{"id":7369,"date":"2023-01-30T14:58:08","date_gmt":"2023-01-30T14:58:08","guid":{"rendered":"https:\/\/centrocar.com\/?page_id=1971"},"modified":"2023-01-30T14:58:08","modified_gmt":"2023-01-30T14:58:08","slug":"politica-de-cookies-centrocar","status":"publish","type":"page","link":"https:\/\/centrocar.com\/spain\/es\/politica-de-cookies-centrocar\/","title":{"rendered":"Politica de cookies"},"content":{"rendered":"<p>&nbsp;<\/p>\n<p>Una cookie es un archivo de datos generado por un sitio web y almacenado por su navegador. Las cookies ayudan a determinar la utilidad, el inter\u00e9s y el n\u00famero de usos de los sitios web, permiten a los usuarios navegar de manera m\u00e1s r\u00e1pida y eficiente y eliminan la necesidad de ingresar la misma informaci\u00f3n repetidamente. La \u00fanica informaci\u00f3n personal que puede contener una cookie es la informaci\u00f3n proporcionada por el interesado. Una cookie no puede leer datos de su disco duro o leer otras cookies establecidas por otros sitios web.<\/p>\n<p>Hay 2 categor\u00edas de cookies:<\/p>\n<ul>\n<li>de sesi\u00f3n: se elimina autom\u00e1ticamente cuando el usuario cierra su navegador;<\/li>\n<li>persistente: almacenado en el dispositivo terminal del usuario hasta que se alcanza una fecha de vencimiento establecida;<\/li>\n<\/ul>\n<p>Los tipos de cookies que se usan en este sitio son los siguientes:<\/p>\n<p><strong>Estrictamente necesario<\/strong><br \/>\nHabilita la navegaci\u00f3n del sitio y el uso de sus aplicaciones, como el acceso a \u00e1reas seguras del sitio y no se puede desactivar en nuestros sistemas. Por lo general, estos se configuran solo en respuesta a las acciones del usuario que corresponden a una solicitud de servicio, como establecer sus preferencias de privacidad, iniciar sesi\u00f3n o completar formularios. Puede configurar su navegador para que bloquee o le avise sobre estas cookies, pero algunas partes del sitio no funcionar\u00e1n. Estas cookies no almacenan ninguna informaci\u00f3n de identificaci\u00f3n personal.<\/p>\n<p><strong>Rendimiento<\/strong><br \/>\nSe utiliza para analizar c\u00f3mo los usuarios usan el sitio y supervisar su rendimiento. Por ejemplo, para identificar qu\u00e9 p\u00e1ginas son las m\u00e1s populares, para identificar el m\u00e9todo m\u00e1s efectivo de vinculaci\u00f3n entre p\u00e1ginas o para determinar la tasa de mensajes de error en p\u00e1ginas particulares. Toda la informaci\u00f3n recopilada por estas cookies es agregada y, por lo tanto, an\u00f3nima. Si no permite estas cookies, no sabremos cu\u00e1ndo visit\u00f3 nuestro sitio y no podremos controlar su rendimiento.<\/p>\n<p><strong>Funcionalidad<\/strong><br \/>\nAlmacena las preferencias del usuario para un sitio espec\u00edfico para que el sitio no necesite ser reconfigurado con cada visita. Estas cookies pueden ser establecidas por nosotros o por proveedores externos cuyos servicios agreguemos a nuestras p\u00e1ginas. Si no permite estas cookies, algunos o todos estos servicios pueden no funcionar correctamente.<\/p>\n<p><strong>De terceros<\/strong><br \/>\nMiden el \u00e9xito de las aplicaciones y la efectividad de la publicidad de terceros. Estas entidades pueden utilizarlas para perfilar sus intereses y mostrar anuncios relevantes en otros sitios.<\/p>\n<p>No almacenan informaci\u00f3n personal directamente, sino que se basan en la identificaci\u00f3n exclusiva de su navegador y dispositivo de Internet. Si no permite estas cookies, experimentar\u00e1 publicidad menos espec\u00edfica.<\/p>\n<p>Incluso despu\u00e9s de aceptar las cookies, los usuarios siempre pueden desactivar algunas o todas nuestras cookies. Puede verificar la versi\u00f3n de su navegador y las instrucciones correspondientes haciendo clic en el enlace aboutcookies.org<\/p>\n<p><strong>GOOGLE ANALYTICS<\/strong><\/p>\n<p>Este sitio web utiliza Google Analytics, un servicio de an\u00e1lisis web facilitado por Google, para comprender mejor su uso en nuestros sitios web y servicios. Google Analytics recupera informaci\u00f3n, como la frecuencia con que los usuarios la usan para acceder a nuestros sitios, qu\u00e9 p\u00e1ginas visitan y qu\u00e9 sitios usan antes de visitar. Google utiliza los datos recopilados para rastrear y examinar el uso de sus sitios, preparar informes sobre sus actividades y compartirlos con otros servicios de Google. Google puede usar los datos recuperados en el sitio para contextualizar y personalizar sus propios anuncios publicitarios. El anonimato de IP se ha activado en este sitio, de modo que la direcci\u00f3n IP de los usuarios de Google en los Estados miembros de la Uni\u00f3n Europea u otros Estados contratantes del Acuerdo del Espacio Econ\u00f3mico Europeo se abrevia de antemano. Solo en casos excepcionales, la direcci\u00f3n IP completa se enviar\u00e1 a un servidor de Google en EE. UU. Y se alojar\u00e1 all\u00ed.<\/p>\n<p>La capacidad de Google para usar y compartir informaci\u00f3n recopilada por Google Analytics sobre las visitas al sitio est\u00e1 restringida por los T\u00e9rminos de uso de Google Analytics y la Pol\u00edtica de privacidad de Google.<\/p>\n<p>Actualizado en<br \/>\n17 de septiembre de 2019<\/p>\n","protected":false},"excerpt":{"rendered":"<p>&nbsp; Una cookie es un archivo de datos generado por  [&#8230;]<\/p>\n","protected":false},"author":1,"featured_media":0,"parent":0,"menu_order":0,"comment_status":"closed","ping_status":"closed","template":"","meta":{"_acf_changed":false,"footnotes":""},"class_list":["post-7369","page","type-page","status-publish","hentry"],"acf":[],"yoast_head":"<!-- This site is optimized with the Yoast SEO plugin v26.1.1 - https:\/\/yoast.com\/wordpress\/plugins\/seo\/ -->\n<title>Politica de cookies - Centrocar (Spain)<\/title>\n<meta name=\"robots\" content=\"index, follow, max-snippet:-1, max-image-preview:large, max-video-preview:-1\" \/>\n<link rel=\"canonical\" href=\"https:\/\/centrocar.com\/spain\/es\/politica-de-cookies-centrocar\/\" \/>\n<meta property=\"og:locale\" content=\"pt_PT\" \/>\n<meta property=\"og:type\" content=\"article\" \/>\n<meta property=\"og:title\" content=\"Politica de cookies - Centrocar (Spain)\" \/>\n<meta property=\"og:description\" content=\"&nbsp; Una cookie es un archivo de datos generado por [...]\" \/>\n<meta property=\"og:url\" content=\"https:\/\/centrocar.com\/spain\/es\/politica-de-cookies-centrocar\/\" \/>\n<meta property=\"og:site_name\" content=\"Centrocar (Spain)\" \/>\n<meta name=\"twitter:card\" content=\"summary_large_image\" \/>\n<meta name=\"twitter:label1\" content=\"Tempo estimado de leitura\" \/>\n\t<meta name=\"twitter:data1\" content=\"3 minutos\" \/>\n<script type=\"application\/ld+json\" class=\"yoast-schema-graph\">{\"@context\":\"https:\/\/schema.org\",\"@graph\":[{\"@type\":\"WebPage\",\"@id\":\"https:\/\/centrocar.com\/spain\/es\/politica-de-cookies-centrocar\/\",\"url\":\"https:\/\/centrocar.com\/spain\/es\/politica-de-cookies-centrocar\/\",\"name\":\"Politica de cookies - Centrocar (Spain)\",\"isPartOf\":{\"@id\":\"https:\/\/centrocar.com\/spain\/#website\"},\"datePublished\":\"2023-01-30T14:58:08+00:00\",\"breadcrumb\":{\"@id\":\"https:\/\/centrocar.com\/spain\/es\/politica-de-cookies-centrocar\/#breadcrumb\"},\"inLanguage\":\"pt-PT\",\"potentialAction\":[{\"@type\":\"ReadAction\",\"target\":[\"https:\/\/centrocar.com\/spain\/es\/politica-de-cookies-centrocar\/\"]}]},{\"@type\":\"BreadcrumbList\",\"@id\":\"https:\/\/centrocar.com\/spain\/es\/politica-de-cookies-centrocar\/#breadcrumb\",\"itemListElement\":[{\"@type\":\"ListItem\",\"position\":1,\"name\":\"In\u00edcio\",\"item\":\"https:\/\/centrocar.com\/spain\/\"},{\"@type\":\"ListItem\",\"position\":2,\"name\":\"Politica de cookies\"}]},{\"@type\":\"WebSite\",\"@id\":\"https:\/\/centrocar.com\/spain\/#website\",\"url\":\"https:\/\/centrocar.com\/spain\/\",\"name\":\"Centrocar (Spain)\",\"description\":\"\",\"potentialAction\":[{\"@type\":\"SearchAction\",\"target\":{\"@type\":\"EntryPoint\",\"urlTemplate\":\"https:\/\/centrocar.com\/spain\/?s={search_term_string}\"},\"query-input\":{\"@type\":\"PropertyValueSpecification\",\"valueRequired\":true,\"valueName\":\"search_term_string\"}}],\"inLanguage\":\"pt-PT\"}]}<\/script>\n<!-- \/ Yoast SEO plugin. -->","yoast_head_json":{"title":"Politica de cookies - Centrocar (Spain)","robots":{"index":"index","follow":"follow","max-snippet":"max-snippet:-1","max-image-preview":"max-image-preview:large","max-video-preview":"max-video-preview:-1"},"canonical":"https:\/\/centrocar.com\/spain\/es\/politica-de-cookies-centrocar\/","og_locale":"pt_PT","og_type":"article","og_title":"Politica de cookies - Centrocar (Spain)","og_description":"&nbsp; Una cookie es un archivo de datos generado por [...]","og_url":"https:\/\/centrocar.com\/spain\/es\/politica-de-cookies-centrocar\/","og_site_name":"Centrocar (Spain)","twitter_card":"summary_large_image","twitter_misc":{"Tempo estimado de leitura":"3 minutos"},"schema":{"@context":"https:\/\/schema.org","@graph":[{"@type":"WebPage","@id":"https:\/\/centrocar.com\/spain\/es\/politica-de-cookies-centrocar\/","url":"https:\/\/centrocar.com\/spain\/es\/politica-de-cookies-centrocar\/","name":"Politica de cookies - Centrocar (Spain)","isPartOf":{"@id":"https:\/\/centrocar.com\/spain\/#website"},"datePublished":"2023-01-30T14:58:08+00:00","breadcrumb":{"@id":"https:\/\/centrocar.com\/spain\/es\/politica-de-cookies-centrocar\/#breadcrumb"},"inLanguage":"pt-PT","potentialAction":[{"@type":"ReadAction","target":["https:\/\/centrocar.com\/spain\/es\/politica-de-cookies-centrocar\/"]}]},{"@type":"BreadcrumbList","@id":"https:\/\/centrocar.com\/spain\/es\/politica-de-cookies-centrocar\/#breadcrumb","itemListElement":[{"@type":"ListItem","position":1,"name":"In\u00edcio","item":"https:\/\/centrocar.com\/spain\/"},{"@type":"ListItem","position":2,"name":"Politica de cookies"}]},{"@type":"WebSite","@id":"https:\/\/centrocar.com\/spain\/#website","url":"https:\/\/centrocar.com\/spain\/","name":"Centrocar (Spain)","description":"","potentialAction":[{"@type":"SearchAction","target":{"@type":"EntryPoint","urlTemplate":"https:\/\/centrocar.com\/spain\/?s={search_term_string}"},"query-input":{"@type":"PropertyValueSpecification","valueRequired":true,"valueName":"search_term_string"}}],"inLanguage":"pt-PT"}]}},"_links":{"self":[{"href":"https:\/\/centrocar.com\/spain\/wp-json\/wp\/v2\/pages\/7369","targetHints":{"allow":["GET"]}}],"collection":[{"href":"https:\/\/centrocar.com\/spain\/wp-json\/wp\/v2\/pages"}],"about":[{"href":"https:\/\/centrocar.com\/spain\/wp-json\/wp\/v2\/types\/page"}],"author":[{"embeddable":true,"href":"https:\/\/centrocar.com\/spain\/wp-json\/wp\/v2\/users\/1"}],"replies":[{"embeddable":true,"href":"https:\/\/centrocar.com\/spain\/wp-json\/wp\/v2\/comments?post=7369"}],"version-history":[{"count":0,"href":"https:\/\/centrocar.com\/spain\/wp-json\/wp\/v2\/pages\/7369\/revisions"}],"wp:attachment":[{"href":"https:\/\/centrocar.com\/spain\/wp-json\/wp\/v2\/media?parent=7369"}],"curies":[{"name":"wp","href":"https:\/\/api.w.org\/{rel}","templated":true}]}}